{"id":2307,"date":"2022-06-06T14:34:08","date_gmt":"2021-03-05T17:38:57","guid":{"rendered":""},"modified":"2025-06-02T21:33:06","modified_gmt":"2025-06-02T19:33:06","slug":"contact-us","status":"publish","type":"page","link":"https:\/\/carsstudio.com\/home\/contact-us\/","title":{"rendered":"Contacto"},"content":{"rendered":"\t\t<div data-elementor-type=\"wp-page\" data-elementor-id=\"2307\" class=\"elementor elementor-2307\" data-elementor-post-type=\"page\">\n\t\t\t\t\t\t<section class=\"elementor-section elementor-top-section elementor-element elementor-element-504291d9 elementor-section-boxed elementor-section-height-default elementor-section-height-default\" data-id=\"504291d9\" data-element_type=\"section\" data-e-type=\"section\" data-settings=\"{&quot;background_background&quot;:&quot;classic&quot;}\">\n\t\t\t\t\t\t\t<div class=\"elementor-background-overlay\"><\/div>\n\t\t\t\t\t\t\t<div class=\"elementor-container elementor-column-gap-default\">\n\t\t\t\t\t<div class=\"elementor-column elementor-col-100 elementor-top-column elementor-element elementor-element-501c5c2\" data-id=\"501c5c2\" data-element_type=\"column\" data-e-type=\"column\">\n\t\t\t<div class=\"elementor-widget-wrap elementor-element-populated\">\n\t\t\t\t\t\t<div class=\"elementor-element elementor-element-5bccba15 elementor-widget elementor-widget-heading\" data-id=\"5bccba15\" data-element_type=\"widget\" data-e-type=\"widget\" data-settings=\"{&quot;vlt_wow_animation_name&quot;:&quot;none&quot;}\" data-widget_type=\"heading.default\">\n\t\t\t\t<div class=\"elementor-widget-container\">\n\t\t\t\t\t<h2 class=\"elementor-heading-title elementor-size-default\"><span class=\"has-first-color\">\u00bfQUIERES QUE TUS IDEAS COBREN VIDA?<\/span> CONT\u00c1CTANOS<\/h2>\t\t\t\t<\/div>\n\t\t\t\t<\/div>\n\t\t\t\t<div class=\"elementor-element elementor-element-783968a3 elementor-widget elementor-widget-spacer\" data-id=\"783968a3\" data-element_type=\"widget\" data-e-type=\"widget\" data-settings=\"{&quot;vlt_wow_animation_name&quot;:&quot;none&quot;}\" data-widget_type=\"spacer.default\">\n\t\t\t\t<div class=\"elementor-widget-container\">\n\t\t\t\t\t\t\t<div class=\"elementor-spacer\">\n\t\t\t<div class=\"elementor-spacer-inner\"><\/div>\n\t\t<\/div>\n\t\t\t\t\t\t<\/div>\n\t\t\t\t<\/div>\n\t\t\t\t<div class=\"elementor-element elementor-element-82558f9 elementor-widget-divider--view-line elementor-widget elementor-widget-divider\" data-id=\"82558f9\" data-element_type=\"widget\" data-e-type=\"widget\" data-settings=\"{&quot;vlt_wow_animation_name&quot;:&quot;none&quot;}\" data-widget_type=\"divider.default\">\n\t\t\t\t<div class=\"elementor-widget-container\">\n\t\t\t\t\t\t\t<div class=\"elementor-divider\">\n\t\t\t<span class=\"elementor-divider-separator\">\n\t\t\t\t\t\t<\/span>\n\t\t<\/div>\n\t\t\t\t\t\t<\/div>\n\t\t\t\t<\/div>\n\t\t\t\t<div class=\"elementor-element elementor-element-4170aec elementor-position-inline-start elementor-view-default elementor-mobile-position-block-start elementor-widget elementor-widget-icon-box\" data-id=\"4170aec\" data-element_type=\"widget\" data-e-type=\"widget\" data-settings=\"{&quot;vlt_wow_animation_name&quot;:&quot;none&quot;}\" data-widget_type=\"icon-box.default\">\n\t\t\t\t<div class=\"elementor-widget-container\">\n\t\t\t\t\t\t\t<div class=\"elementor-icon-box-wrapper\">\n\n\t\t\t\t\t\t<div class=\"elementor-icon-box-icon\">\n\t\t\t\t<a href=\"https:\/\/www.google.com\/maps\/place\/C.+Jos%C3%A9+Isbert,+6,+28223+Pozuelo+de+Alarc%C3%B3n,+Madrid\/@40.3951101,-3.7905369,16.43z\/data=!4m5!3m4!1s0xd41888e8f897199:0x27b054b4e5c66470!8m2!3d40.3954078!4d-3.791248\" target=\"_blank\" class=\"elementor-icon\" tabindex=\"-1\" aria-label=\"C\/ Jos\u00e9 Isbert 6 - 28223 - Pozuelo de Alarc\u00f3n - Madrid\">\n\t\t\t\t<i aria-hidden=\"true\" class=\"fas fa-home\"><\/i>\t\t\t\t<\/a>\n\t\t\t<\/div>\n\t\t\t\n\t\t\t\t\t\t<div class=\"elementor-icon-box-content\">\n\n\t\t\t\t\t\t\t\t\t<h3 class=\"elementor-icon-box-title\">\n\t\t\t\t\t\t<a href=\"https:\/\/www.google.com\/maps\/place\/C.+Jos%C3%A9+Isbert,+6,+28223+Pozuelo+de+Alarc%C3%B3n,+Madrid\/@40.3951101,-3.7905369,16.43z\/data=!4m5!3m4!1s0xd41888e8f897199:0x27b054b4e5c66470!8m2!3d40.3954078!4d-3.791248\" target=\"_blank\" >\n\t\t\t\t\t\t\tC\/ Jos\u00e9 Isbert 6 - 28223 - Pozuelo de Alarc\u00f3n - Madrid\t\t\t\t\t\t<\/a>\n\t\t\t\t\t<\/h3>\n\t\t\t\t\n\t\t\t\t\t\t\t\t\t<p class=\"elementor-icon-box-description\">\n\t\t\t\t\t\tCorreo electr\u00f3nico de administraci\u00f3n.\t\t\t\t\t<\/p>\n\t\t\t\t\n\t\t\t<\/div>\n\t\t\t\n\t\t<\/div>\n\t\t\t\t\t\t<\/div>\n\t\t\t\t<\/div>\n\t\t\t\t<div class=\"elementor-element elementor-element-212ff85 elementor-position-inline-start elementor-view-default elementor-mobile-position-block-start elementor-widget elementor-widget-icon-box\" data-id=\"212ff85\" data-element_type=\"widget\" data-e-type=\"widget\" data-settings=\"{&quot;vlt_wow_animation_name&quot;:&quot;none&quot;}\" data-widget_type=\"icon-box.default\">\n\t\t\t\t<div class=\"elementor-widget-container\">\n\t\t\t\t\t\t\t<div class=\"elementor-icon-box-wrapper\">\n\n\t\t\t\t\t\t<div class=\"elementor-icon-box-icon\">\n\t\t\t\t<a href=\"mailto:produccion@carsstudio.com\" target=\"_blank\" class=\"elementor-icon\" tabindex=\"-1\" aria-label=\"produccion@carsstudio.com\">\n\t\t\t\t<i aria-hidden=\"true\" class=\"fas fa-mail-bulk\"><\/i>\t\t\t\t<\/a>\n\t\t\t<\/div>\n\t\t\t\n\t\t\t\t\t\t<div class=\"elementor-icon-box-content\">\n\n\t\t\t\t\t\t\t\t\t<h3 class=\"elementor-icon-box-title\">\n\t\t\t\t\t\t<a href=\"mailto:produccion@carsstudio.com\" target=\"_blank\" >\n\t\t\t\t\t\t\tproduccion@carsstudio.com\t\t\t\t\t\t<\/a>\n\t\t\t\t\t<\/h3>\n\t\t\t\t\n\t\t\t\t\t\t\t\t\t<p class=\"elementor-icon-box-description\">\n\t\t\t\t\t\tCorreo electr\u00f3nico de producci\u00f3n.\t\t\t\t\t<\/p>\n\t\t\t\t\n\t\t\t<\/div>\n\t\t\t\n\t\t<\/div>\n\t\t\t\t\t\t<\/div>\n\t\t\t\t<\/div>\n\t\t\t\t<div class=\"elementor-element elementor-element-9349145 elementor-position-inline-start elementor-view-default elementor-mobile-position-block-start elementor-widget elementor-widget-icon-box\" data-id=\"9349145\" data-element_type=\"widget\" data-e-type=\"widget\" data-settings=\"{&quot;vlt_wow_animation_name&quot;:&quot;none&quot;}\" data-widget_type=\"icon-box.default\">\n\t\t\t\t<div class=\"elementor-widget-container\">\n\t\t\t\t\t\t\t<div class=\"elementor-icon-box-wrapper\">\n\n\t\t\t\t\t\t<div class=\"elementor-icon-box-icon\">\n\t\t\t\t<a href=\"mailto:administracion@carsstudio.com\" target=\"_blank\" class=\"elementor-icon\" tabindex=\"-1\" aria-label=\"administracion@carsstudio.com\">\n\t\t\t\t<i aria-hidden=\"true\" class=\"fas fa-mail-bulk\"><\/i>\t\t\t\t<\/a>\n\t\t\t<\/div>\n\t\t\t\n\t\t\t\t\t\t<div class=\"elementor-icon-box-content\">\n\n\t\t\t\t\t\t\t\t\t<h3 class=\"elementor-icon-box-title\">\n\t\t\t\t\t\t<a href=\"mailto:administracion@carsstudio.com\" target=\"_blank\" >\n\t\t\t\t\t\t\tadministracion@carsstudio.com\t\t\t\t\t\t<\/a>\n\t\t\t\t\t<\/h3>\n\t\t\t\t\n\t\t\t\t\t\t\t\t\t<p class=\"elementor-icon-box-description\">\n\t\t\t\t\t\tCorreo electr\u00f3nico de administraci\u00f3n.\t\t\t\t\t<\/p>\n\t\t\t\t\n\t\t\t<\/div>\n\t\t\t\n\t\t<\/div>\n\t\t\t\t\t\t<\/div>\n\t\t\t\t<\/div>\n\t\t\t\t<div class=\"elementor-element elementor-element-7be92c3 elementor-position-inline-start elementor-view-default elementor-mobile-position-block-start elementor-widget elementor-widget-icon-box\" data-id=\"7be92c3\" data-element_type=\"widget\" data-e-type=\"widget\" data-settings=\"{&quot;vlt_wow_animation_name&quot;:&quot;none&quot;}\" data-widget_type=\"icon-box.default\">\n\t\t\t\t<div class=\"elementor-widget-container\">\n\t\t\t\t\t\t\t<div class=\"elementor-icon-box-wrapper\">\n\n\t\t\t\t\t\t<div class=\"elementor-icon-box-icon\">\n\t\t\t\t<a href=\"mailto:carsstudio@carsstudio.com\" target=\"_blank\" class=\"elementor-icon\" tabindex=\"-1\" aria-label=\"carsstudio@carsstudio.com\">\n\t\t\t\t<i aria-hidden=\"true\" class=\"fas fa-mail-bulk\"><\/i>\t\t\t\t<\/a>\n\t\t\t<\/div>\n\t\t\t\n\t\t\t\t\t\t<div class=\"elementor-icon-box-content\">\n\n\t\t\t\t\t\t\t\t\t<h3 class=\"elementor-icon-box-title\">\n\t\t\t\t\t\t<a href=\"mailto:carsstudio@carsstudio.com\" target=\"_blank\" >\n\t\t\t\t\t\t\tcarsstudio@carsstudio.com\t\t\t\t\t\t<\/a>\n\t\t\t\t\t<\/h3>\n\t\t\t\t\n\t\t\t\t\t\t\t\t\t<p class=\"elementor-icon-box-description\">\n\t\t\t\t\t\tCorreo electr\u00f3nico de consultas gen\u00e9ricas.\t\t\t\t\t<\/p>\n\t\t\t\t\n\t\t\t<\/div>\n\t\t\t\n\t\t<\/div>\n\t\t\t\t\t\t<\/div>\n\t\t\t\t<\/div>\n\t\t\t\t<div class=\"elementor-element elementor-element-05aa205 elementor-position-inline-start elementor-view-default elementor-mobile-position-block-start elementor-widget elementor-widget-icon-box\" data-id=\"05aa205\" data-element_type=\"widget\" data-e-type=\"widget\" data-settings=\"{&quot;vlt_wow_animation_name&quot;:&quot;none&quot;}\" data-widget_type=\"icon-box.default\">\n\t\t\t\t<div class=\"elementor-widget-container\">\n\t\t\t\t\t\t\t<div class=\"elementor-icon-box-wrapper\">\n\n\t\t\t\t\t\t<div class=\"elementor-icon-box-icon\">\n\t\t\t\t<span  class=\"elementor-icon\">\n\t\t\t\t<i aria-hidden=\"true\" class=\"fas fa-phone-alt\"><\/i>\t\t\t\t<\/span>\n\t\t\t<\/div>\n\t\t\t\n\t\t\t\t\t\t<div class=\"elementor-icon-box-content\">\n\n\t\t\t\t\t\t\t\t\t<h3 class=\"elementor-icon-box-title\">\n\t\t\t\t\t\t<span  >\n\t\t\t\t\t\t\t\u00a0+34 91 510 40 30 \/ 692 633 148\t\t\t\t\t\t<\/span>\n\t\t\t\t\t<\/h3>\n\t\t\t\t\n\t\t\t\t\t\t\t\t\t<p class=\"elementor-icon-box-description\">\n\t\t\t\t\t\tTel\u00e9fono de contacto.\t\t\t\t\t<\/p>\n\t\t\t\t\n\t\t\t<\/div>\n\t\t\t\n\t\t<\/div>\n\t\t\t\t\t\t<\/div>\n\t\t\t\t<\/div>\n\t\t\t\t\t<\/div>\n\t\t<\/div>\n\t\t\t\t\t<\/div>\n\t\t<\/section>\n\t\t\t\t<\/div>\n\t\t","protected":false},"excerpt":{"rendered":"<p>\u00bfQUIERES QUE TUS IDEAS COBREN VIDA? CONT\u00c1CTANOS C\/ Jos\u00e9 Isbert 6 &#8211; 28223 &#8211; Pozuelo de Alarc\u00f3n &#8211; Madrid Correo electr\u00f3nico de administraci\u00f3n. produccion@carsstudio.com Correo electr\u00f3nico de producci\u00f3n. administracion@carsstudio.com Correo electr\u00f3nico de administraci\u00f3n. carsstudio@carsstudio.com Correo electr\u00f3nico de consultas gen\u00e9ricas. \u00a0+34 91 510 40 30 \/ 692 633 148 Tel\u00e9fono de contacto.<\/p>\n","protected":false},"author":1,"featured_media":0,"parent":0,"menu_order":0,"comment_status":"closed","ping_status":"closed","template":"elementor_header_footer","meta":{"footnotes":""},"class_list":["post-2307","page","type-page","status-publish","hentry"],"yoast_head":"<!-- This site is optimized with the Yoast SEO plugin v27.5 - https:\/\/yoast.com\/product\/yoast-seo-wordpress\/ -->\n<title>Contacto - Carsstudio<\/title>\n<meta name=\"robots\" content=\"index, follow, max-snippet:-1, max-image-preview:large, max-video-preview:-1\" \/>\n<link rel=\"canonical\" href=\"https:\/\/carsstudio.com\/home\/contact-us\/\" \/>\n<meta property=\"og:locale\" content=\"es_ES\" \/>\n<meta property=\"og:type\" content=\"article\" \/>\n<meta property=\"og:title\" content=\"Contacto - Carsstudio\" \/>\n<meta property=\"og:description\" content=\"\u00bfQUIERES QUE TUS IDEAS COBREN VIDA? CONT\u00c1CTANOS C\/ Jos\u00e9 Isbert 6 &#8211; 28223 &#8211; Pozuelo de Alarc\u00f3n &#8211; Madrid Correo electr\u00f3nico de administraci\u00f3n. produccion@carsstudio.com Correo electr\u00f3nico de producci\u00f3n. administracion@carsstudio.com Correo electr\u00f3nico de administraci\u00f3n. carsstudio@carsstudio.com Correo electr\u00f3nico de consultas gen\u00e9ricas. \u00a0+34 91 510 40 30 \/ 692 633 148 Tel\u00e9fono de contacto.\" \/>\n<meta property=\"og:url\" content=\"https:\/\/carsstudio.com\/home\/contact-us\/\" \/>\n<meta property=\"og:site_name\" content=\"Carsstudio\" \/>\n<meta property=\"article:publisher\" content=\"https:\/\/www.facebook.com\/carsstudio.madrid\/?ref=br_rs\" \/>\n<meta property=\"article:modified_time\" content=\"2025-06-02T19:33:06+00:00\" \/>\n<meta name=\"twitter:card\" content=\"summary_large_image\" \/>\n<meta name=\"twitter:label1\" content=\"Tiempo de lectura\" \/>\n\t<meta name=\"twitter:data1\" content=\"1 minuto\" \/>\n<script type=\"application\/ld+json\" class=\"yoast-schema-graph\">{\"@context\":\"https:\\\/\\\/schema.org\",\"@graph\":[{\"@type\":\"WebPage\",\"@id\":\"https:\\\/\\\/carsstudio.com\\\/home\\\/contact-us\\\/\",\"url\":\"https:\\\/\\\/carsstudio.com\\\/home\\\/contact-us\\\/\",\"name\":\"Contacto - Carsstudio\",\"isPartOf\":{\"@id\":\"https:\\\/\\\/carsstudio.com\\\/home\\\/#website\"},\"datePublished\":\"2021-03-05T17:38:57+00:00\",\"dateModified\":\"2025-06-02T19:33:06+00:00\",\"breadcrumb\":{\"@id\":\"https:\\\/\\\/carsstudio.com\\\/home\\\/contact-us\\\/#breadcrumb\"},\"inLanguage\":\"es\",\"potentialAction\":[{\"@type\":\"ReadAction\",\"target\":[\"https:\\\/\\\/carsstudio.com\\\/home\\\/contact-us\\\/\"]}]},{\"@type\":\"BreadcrumbList\",\"@id\":\"https:\\\/\\\/carsstudio.com\\\/home\\\/contact-us\\\/#breadcrumb\",\"itemListElement\":[{\"@type\":\"ListItem\",\"position\":1,\"name\":\"Portada\",\"item\":\"https:\\\/\\\/carsstudio.com\\\/home\\\/\"},{\"@type\":\"ListItem\",\"position\":2,\"name\":\"Contacto\"}]},{\"@type\":\"WebSite\",\"@id\":\"https:\\\/\\\/carsstudio.com\\\/home\\\/#website\",\"url\":\"https:\\\/\\\/carsstudio.com\\\/home\\\/\",\"name\":\"Carsstudio\",\"description\":\"Plat\u00f3s de publicidad y televisi\u00f3n\",\"publisher\":{\"@id\":\"https:\\\/\\\/carsstudio.com\\\/home\\\/#organization\"},\"potentialAction\":[{\"@type\":\"SearchAction\",\"target\":{\"@type\":\"EntryPoint\",\"urlTemplate\":\"https:\\\/\\\/carsstudio.com\\\/home\\\/?s={search_term_string}\"},\"query-input\":{\"@type\":\"PropertyValueSpecification\",\"valueRequired\":true,\"valueName\":\"search_term_string\"}}],\"inLanguage\":\"es\"},{\"@type\":\"Organization\",\"@id\":\"https:\\\/\\\/carsstudio.com\\\/home\\\/#organization\",\"name\":\"Carsstudio\",\"url\":\"https:\\\/\\\/carsstudio.com\\\/home\\\/\",\"logo\":{\"@type\":\"ImageObject\",\"inLanguage\":\"es\",\"@id\":\"https:\\\/\\\/carsstudio.com\\\/home\\\/#\\\/schema\\\/logo\\\/image\\\/\",\"url\":\"https:\\\/\\\/carsstudio.com\\\/wp-content\\\/uploads\\\/2022\\\/06\\\/Logo-Cars-Studio-2020-NEGRO.png\",\"contentUrl\":\"https:\\\/\\\/carsstudio.com\\\/wp-content\\\/uploads\\\/2022\\\/06\\\/Logo-Cars-Studio-2020-NEGRO.png\",\"width\":3021,\"height\":770,\"caption\":\"Carsstudio\"},\"image\":{\"@id\":\"https:\\\/\\\/carsstudio.com\\\/home\\\/#\\\/schema\\\/logo\\\/image\\\/\"},\"sameAs\":[\"https:\\\/\\\/www.facebook.com\\\/carsstudio.madrid\\\/?ref=br_rs\",\"https:\\\/\\\/www.linkedin.com\\\/company\\\/cars-studio\\\/about\\\/\",\"https:\\\/\\\/www.instagram.com\\\/carsstudio\\\/\"]}]}<\/script>\n<!-- \/ Yoast SEO plugin. -->","yoast_head_json":{"title":"Contacto - Carsstudio","robots":{"index":"index","follow":"follow","max-snippet":"max-snippet:-1","max-image-preview":"max-image-preview:large","max-video-preview":"max-video-preview:-1"},"canonical":"https:\/\/carsstudio.com\/home\/contact-us\/","og_locale":"es_ES","og_type":"article","og_title":"Contacto - Carsstudio","og_description":"\u00bfQUIERES QUE TUS IDEAS COBREN VIDA? CONT\u00c1CTANOS C\/ Jos\u00e9 Isbert 6 &#8211; 28223 &#8211; Pozuelo de Alarc\u00f3n &#8211; Madrid Correo electr\u00f3nico de administraci\u00f3n. produccion@carsstudio.com Correo electr\u00f3nico de producci\u00f3n. administracion@carsstudio.com Correo electr\u00f3nico de administraci\u00f3n. carsstudio@carsstudio.com Correo electr\u00f3nico de consultas gen\u00e9ricas. \u00a0+34 91 510 40 30 \/ 692 633 148 Tel\u00e9fono de contacto.","og_url":"https:\/\/carsstudio.com\/home\/contact-us\/","og_site_name":"Carsstudio","article_publisher":"https:\/\/www.facebook.com\/carsstudio.madrid\/?ref=br_rs","article_modified_time":"2025-06-02T19:33:06+00:00","twitter_card":"summary_large_image","twitter_misc":{"Tiempo de lectura":"1 minuto"},"schema":{"@context":"https:\/\/schema.org","@graph":[{"@type":"WebPage","@id":"https:\/\/carsstudio.com\/home\/contact-us\/","url":"https:\/\/carsstudio.com\/home\/contact-us\/","name":"Contacto - Carsstudio","isPartOf":{"@id":"https:\/\/carsstudio.com\/home\/#website"},"datePublished":"2021-03-05T17:38:57+00:00","dateModified":"2025-06-02T19:33:06+00:00","breadcrumb":{"@id":"https:\/\/carsstudio.com\/home\/contact-us\/#breadcrumb"},"inLanguage":"es","potentialAction":[{"@type":"ReadAction","target":["https:\/\/carsstudio.com\/home\/contact-us\/"]}]},{"@type":"BreadcrumbList","@id":"https:\/\/carsstudio.com\/home\/contact-us\/#breadcrumb","itemListElement":[{"@type":"ListItem","position":1,"name":"Portada","item":"https:\/\/carsstudio.com\/home\/"},{"@type":"ListItem","position":2,"name":"Contacto"}]},{"@type":"WebSite","@id":"https:\/\/carsstudio.com\/home\/#website","url":"https:\/\/carsstudio.com\/home\/","name":"Carsstudio","description":"Plat\u00f3s de publicidad y televisi\u00f3n","publisher":{"@id":"https:\/\/carsstudio.com\/home\/#organization"},"potentialAction":[{"@type":"SearchAction","target":{"@type":"EntryPoint","urlTemplate":"https:\/\/carsstudio.com\/home\/?s={search_term_string}"},"query-input":{"@type":"PropertyValueSpecification","valueRequired":true,"valueName":"search_term_string"}}],"inLanguage":"es"},{"@type":"Organization","@id":"https:\/\/carsstudio.com\/home\/#organization","name":"Carsstudio","url":"https:\/\/carsstudio.com\/home\/","logo":{"@type":"ImageObject","inLanguage":"es","@id":"https:\/\/carsstudio.com\/home\/#\/schema\/logo\/image\/","url":"https:\/\/carsstudio.com\/wp-content\/uploads\/2022\/06\/Logo-Cars-Studio-2020-NEGRO.png","contentUrl":"https:\/\/carsstudio.com\/wp-content\/uploads\/2022\/06\/Logo-Cars-Studio-2020-NEGRO.png","width":3021,"height":770,"caption":"Carsstudio"},"image":{"@id":"https:\/\/carsstudio.com\/home\/#\/schema\/logo\/image\/"},"sameAs":["https:\/\/www.facebook.com\/carsstudio.madrid\/?ref=br_rs","https:\/\/www.linkedin.com\/company\/cars-studio\/about\/","https:\/\/www.instagram.com\/carsstudio\/"]}]}},"_links":{"self":[{"href":"https:\/\/carsstudio.com\/home\/wp-json\/wp\/v2\/pages\/2307","targetHints":{"allow":["GET"]}}],"collection":[{"href":"https:\/\/carsstudio.com\/home\/wp-json\/wp\/v2\/pages"}],"about":[{"href":"https:\/\/carsstudio.com\/home\/wp-json\/wp\/v2\/types\/page"}],"author":[{"embeddable":true,"href":"https:\/\/carsstudio.com\/home\/wp-json\/wp\/v2\/users\/1"}],"replies":[{"embeddable":true,"href":"https:\/\/carsstudio.com\/home\/wp-json\/wp\/v2\/comments?post=2307"}],"version-history":[{"count":94,"href":"https:\/\/carsstudio.com\/home\/wp-json\/wp\/v2\/pages\/2307\/revisions"}],"predecessor-version":[{"id":4045,"href":"https:\/\/carsstudio.com\/home\/wp-json\/wp\/v2\/pages\/2307\/revisions\/4045"}],"wp:attachment":[{"href":"https:\/\/carsstudio.com\/home\/wp-json\/wp\/v2\/media?parent=2307"}],"curies":[{"name":"wp","href":"https:\/\/api.w.org\/{rel}","templated":true}]}}